) = -r**3 - 11*r**2 - 17*r + 2. Let p be x(-9). Let i be -1 - (p - (-15)/5). Let s(c) = -c**3 + 3*c**2 - 2*c + 1. Determine s(i).
-5
Let b(u) = -u**2 + 4. Suppose -6 = -14*t + 17*t. Give b(t).
0
Let b(c) = 7*c + 3. Let q(o) = 34*o + 236. Let f be q(-7). Give b(f).
-11
Let s(l) = -524*l + 512*l - 13*l**2 - 8 - l**3 - l**3 + l**3. What is s(-12)?
-8
Let d(m) = -m + 27. Let t be d(24). Suppose -t*r - 39 = -16*r. Let x(c) = -c**2 + 2*c. What is x(r)?
-3
Let s(h) = -1 + 2*h**2 - 2*h**2 - 2*h**2. Let l = -19 + 27. Suppose -9*t + 13*t = -l. What is s(t)?
-9
Let i(w) = 8*w**2 + 26*w + 19. Let c(r) = -3*r**2 - 12*r - 10. Let n(u) = 5*c(u) + 2*i(u). Give n(10).
8
Let u(l) = 369*l + 2 - 9 + l**2 - 370*l. Give u(5).
13
Let f(m) = m**3 - 20*m**2 - 20*m - 26. Let l be f(21). Let c(x) = 6*x + 27. Let g be c(l). Let w(a) = a**3 + 4*a**2 + 3*a - 1. Calculate w(g).
-1
Let a(q) be the first derivative of -8*q**3/3 + q**2/2 + 542. What is a(-1)?
-9
Suppose 2*r = 5*r - 6. Let a(q) = -q**3 - q - 1 - 4 + 2 + 5*q**r. Suppose -1 = -6*p + 29. What is a(p)?
-8
Let q be (832/(-8))/13 + 3. Let x(b) be the third derivative of -b**5/60 - b**4/12 - 2*b**2. What is x(q)?
-15
Let v(x) = 3*x - 21. Let w be v(7). Let c(u) = w + 7*u - u**2 - 5 + 6. Determine c(6).
7
Let g(f) = 4*f**3 + 24*f**2 - 6*f - 21. Let o(d) = -d**3 - 6*d**2 + d + 5. Let c(b) = -2*g(b) - 9*o(b). What is c(-6)?
-21
Let x(r) = -r**3 + 7*r**2 - 3*r - 4. Let t be (36/10)/((-24)/(-40)). Give x(t).
14
Let b(v) be the third derivative of 0 + 0*v + 1/12*v**4 + 1/120*v**6 + 1/20*v**5 - 12*v**2 + 0*v**3. Determine b(-3).
-6
Suppose x + k + 21 = -0*x, 4*k - 48 = 2*x. Let p = x + 21. Let q(b) be the first derivative of -2*b**3/3 + b**2/2 - 19. Give q(p).
-3
Let g = 52 + -30. Suppose -p + 0*p + 5*w + 10 = 0, 0 = -4*p + 2*w + g. Let a(s) = -s**2 + 5*s + 2. What is a(p)?
2
Let z(l) = -2*l - 1 + 5 - 3. Suppose -301*q - 536 = -1661 - 380. Give z(q).
-9
Suppose -3*g + 18 = -3*d, -3*d + 5*g - 26 = -8. Let l(b) = 2*b - b - 2*b. Let z(h) = h - 7. Let v(q) = 2*l(q) + z(q). Give v(d).
-1
Suppose x + 3*n + 2*n + 13 = 0, -3 = x + 3*n. Let o be (x/15)/((-1)/5). Let j(i) = i**2 + i - 5. What is j(o)?
7
Let t(m) = -2*m**2 - 11*m. Suppose -5*x - 6 = -6*x. Let f(o) = -o**2 - 5*o. Let n(p) = x*t(p) - 13*f(p). Calculate n(5).
20
Let c = -69 - -64. Let p(l) = -l**2 - 3*l. What is p(c)?
-10
Let g(p) be the third derivative of p**5/60 - p**4/4 + 7*p**3/6 - 609*p**2. Calculate g(5).
2
Let x(t) be the second derivative of -t**5/20 - t**4/4 + t**3/3 - t**2/2 - 57*t. What is x(2)?
-17
Let h = -177 + 168. Let r(t) = t + 8. Give r(h).
-1
Let v(f) = 22*f - 58. Let y be v(6). Let r(c) = 6*c - y - c - 2*c + 76. Calculate r(-7).
-19
Let s = -13 - -18. Suppose 2*x - s*v = -15, 0 = -2*x + 2*v - 5 - 1. Let y(b) = b**3 + b**2 - 5*b**2 + x*b + 4*b. Determine y(3).
3
Let o(y) be the third derivative of y**7/840 - y**6/90 + y**5/120 + y**4/8 + 5*y**3/3 + 11*y**2. Let s(l) be the first derivative of o(l). Calculate s(4).
7
Let a = -103 + 105. Suppose q - a*h = 5, -4 = h - 0. Let f(t) = t**3 + 2*t**2 + 3*t + 4. What is f(q)?
-14
Let t(p) be the second derivative of -p**5/20 + 7*p**4/6 - 8*p**3/3 + 19*p**2/2 - 142*p - 2. What is t(13)?
-20
Let q(r) be the third derivative of r**4/8 - 7*r**3/2 - 3*r**2 - 1. Give q(9).
6
Let v(y) = -4*y - 1. Let w(j) = -2*j**2 + 4*j. Let n(i) = i**2 + 2*i + 2. Let a be n(-2). Let l be w(a). Suppose 0 = -z - 2 - l. What is v(z)?
7
Let d(n) = -2*n. Let b(c) = 2*c - 1. Let h(v) = 5*b(v) + 6*d(v). Give h(10).
-25
Let i(j) = 5 + j**2 - 11*j - j**2 - 2*j - j**2. Let c be i(-13). Suppose -16 - 4 = -c*b. Let f(u) = -3*u + 3. Calculate f(b).
-9
Let w(t) = 16*t - 56. Let s(q) = -3*q + 11. Let z(l) = 11*s(l) + 2*w(l). Let u be z(6). Let i(o) = 2*o**2 - 5*o**3 - o + 6*o**u + o + 1. What is i(-3)?
-8
Suppose y + 5 - 1 = 0, -5*y = -5*h + 60. Suppose 4*r - 4*t = -h, 4*t = r - 4*r - 27. Let q(g) = -g**3 - 5*g**2 - 4*g. Give q(r).
20
Let p(o) = o**2 - 20*o + 17. Let d(a) = -11*a**2 - 242*a + 19. Let r be d(-22). Give p(r).
-2
Let v be -11 + (3 + 5 - -2). Let f(i) be the first derivative of -1 - 1/3*i**3 - i - i**2 + 9/4*i**4. Give f(v).
-9
Let v(h) = -h**3 + h**2 - h. Let x(f) = -2*f**2 + 7*f**3 - 6*f**2 - f**2 + 8*f - 4. Let g(c) = 6*v(c) + x(c). Give g(3).
2
Let v(i) = -i**2 + 1. Let a be (12/(-4) - -5)/2. Let j(n) = -2*n**2 + 2*n + 2. Let m(u) = a*j(u) - 3*v(u). Suppose 0 = -4*s + s - 9. Determine m(s).
2
Suppose 3*d + 13 = -23. Let r be ((-4)/(-6))/(d/(-72)). Let i(a) = a**2 - r*a - 6 + 10 + 6*a. Give i(-3).
7
Let o(u) = 4*u**3 - 26*u**2 + 3*u - 2. Let z(s) = 5*s**3 - 31*s**2 + 4*s - 2. Let i(v) = -6*o(v) + 5*z(v). Calculate i(0).
2
Let m(q) = -2*q**3 + 28*q**2 - 32*q - 51. Let u(a) = a**3 - 14*a**2 + 17*a + 27. Let s(l) = 3*m(l) + 5*u(l). Calculate s(13).
8
Let a(w) = w**2 - 8*w + 4. Suppose i = 6*i + 75. Let r = 23 + i. Determine a(r).
4
Let l(j) = -11*j + 1. Let z(q) = -23*q + 2. Let n(k) = 5*l(k) - 2*z(k). Suppose 4*f = 5*f - 7. Suppose -4*a + 0*a + f = w, -5*a + 17 = 4*w. Give n(a).
-8
Let c(t) be the third derivative of t**8/6720 + t**5/120 + 5*t**4/12 - 8*t**2. Let k(o) be the second derivative of c(o). Calculate k(-2).
-7
Let m(u) = -2*u**2 - 11*u - 42. Let h(f) = -f**2 - 6*f - 22. Let q(l) = -11*h(l) + 6*m(l). Give q(0).
-10
Let c = 15 + -21. Let q(a) be the first derivative of -a**4/4 - 7*a**3/3 - 3*a**2 - 7*a - 26. What is q(c)?
-7
Let b(r) = r**2 - 5*r - 2. Let m be 11/33 + 17/3. What is b(m)?
4
Let g(s) = 3*s**3 - 2*s**2 + 3*s. Let r(q) be the first derivative of q**4 - 2*q**3/3 + 3*q**2/2 + q + 32. Let y(f) = -3*g(f) + 2*r(f). Give y(3).
-16
Let d(u) = 13 - 42*u - 2*u**2 - 19 + 15*u. What is d(-13)?
7
Let f(d) be the third derivative of -5/24*d**4 + 0*d**3 + 0*d + 12*d**2 + 0 - 1/60*d**5. Calculate f(-4).
4
Let o(x) be the second derivative of x**3/3 + 2*x**2 + x. Suppose -17 + 21 = f. Suppose 0 = -36*a + 37*a + f. Calculate o(a).
-4
Let t(s) be the third derivative of 1/6*s**3 - 13*s**2 + 0*s - 1/60*s**5 + 1/6*s**4 + 0. Determine t(5).
-4
Let a(r) be the first derivative of 25 + r**3 + 1/2*r**2 + 1/2*r**4 + 0*r. Calculate a(-2).
-6
Let t(g) = -18*g**3 + 6*g**2 + 5*g - 5. Let h(f) = -16*f**3 + 5*f**2 + 4*f - 4. Let i(j) = 6*h(j) - 5*t(j). Suppose -5 + 7 = 2*o. Determine i(o).
-6
Let x(r) be the first derivative of -2*r**2 - 2*r - 105. Determine x(5).
-22
Let k = -43 + 34. Let w = k - 0. Let s(o) = o + 3. Determine s(w).
-6
Let s(p) be the first derivative of -p**4/2 + p**3/3 + p**2 - p - 48. Give s(2).
-9
Let u(y) = -y**3 - 4*y**2 + 4*y + 2. Let m be u(-5). Let d(g) = 6*g + 1. Let w(x) = 5*x + 1. Let v(h) = -4*d(h) + 5*w(h). What is v(m)?
8
Let z(s) = -s**2 - 4*s + 2. Let o = 60 + -33. Suppose -2 = 5*v + 5*m + 3, 0 = -2*v + 3*m - o. Calculate z(v).
-10
Let m(k) = -6*k - 7. Let w(z) = 5*z + 7. Let r(t) = -4*m(t) - 5*w(t). Let h = 8 - -2. Let g be 56/h + (-4)/(-10). Determine r(g).
-13
Let g be 7/5 - 24/(-40). Let f(v) = -2. Let z(p) = -p + 5. Let l(r) = g*z(r) + 5*f(r). What is l(2)?
-4
Let z(u) = u**2 + 1. Let f(w) = 3*w**2 - 8*w + 10. Let n(b) = -f(b) + 2*z(b). What is n(9)?
-17
Let y(w) = -8*w - 9. Let f be (810/4)/(-27)*(-4)/(-6). Determine y(f).
31
Let w(v) = -6*v + 1. Let p = 21 + -18. Calculate w(p).
-17
Let h(i) = -7*i + 1. Let b(c) = -4*c + 1. Suppose 0 = -2*f + 7 + 3. Suppose 4*v + 2*a = 4*a + 14, f*a = -2*v + 1. Let m(w) = v*h(w) - 5*b(w). What is m(-3)?
1
Let y be -1*(1 - 3/(-1)). Let o(d) be the second derivative of -d**5/20 - d**4/4 + 2*d**3/3 + d**2 + 19*d. Determine o(y).
2
Let u(w) be the first derivative of -w**4/4 + 2*w**3 - w**2/2 + w - 2. Let x = -426 - -432. Calculate u(x).
-5
Suppose 6 = 4*m - 2. Let d(k) = -23*k**2 - 25*k**m - k + 57*k**2. Give d(1).
8
Let b(h) be the first derivative of -h**3/3 + 9*h**2/2 + 11*h - 4. Let p be b(10). Let f(w) = 11*w - 1. Give f(p).
10
Let z(d) = d**3 - 7*d**2 + 3*d - 2. Let p = -603 + 609. What is z(p)?
-20
Let m(w) = -18*w**3 - 2*w**2 - w + 4. Let c(a) = 36*a**3 + 3*a**2 + 2*a - 7. Let o(k) = -4*c(k) - 7*m(k). Determine o(1).
-17
Let s(d) be the third derivative of -d**6/40 + d**3/6 + 74*d**2 + d. Determine s(1).
-2
Let y be ((-8)/4 - -3)*0. Let o(w) = y*w - 3*w + 2*w. Let l = 1 + 5. Give o(l).
-6
Let v(u) = u - 10. Let t be (0/(2/1))/((-6)/2). What is v(t)?
-10
Let 